s j(4)?
-13
Suppose -2*x + 6*x - 8 = -5*g, -2*g = 0. Let r(h) be the first derivative of 0*h - x + 1/2*h**2. Give r(6).
6
Suppose 442*u - 444*u = -18. Let h(l) = 4*l - 29. Determine h(u).
7
Suppose 34 = n + 5*k, 7*n = 4*n + 2*k + 17. Suppose -n = -5*p + 2*p. Let m(w) = -13*w. Let b(c) = -35*c + 1. Let j(t) = -3*b(t) + 8*m(t). Give j(p).
0
Let n(z) = z**2 + 10*z + 2. Let c be n(-10). Suppose 2*p = k, -p + 0*k = -3*k - 10. Let v be c/3*-3 + p. Let w(b) = -b**2 - 6*b - 6. What is w(v)?
2
Let p(g) = 2*g**2 + 9*g - 4. Let o(v) = -v**2 - v - 1. Suppose -l - 2 = -3*f, 6*l = l + 5*f. Let b(h) = l*p(h) + 3*o(h). Determine b(6).
-7
Suppose 19 = 21*c - 2. Let k(y) = 44*y**2 - 2*y + 1. What is k(c)?
43
Let p(x) = x**2 - 5*x. Let v(f) = 1. Let g(j) = -p(j) + 6*v(j). Let b be (-4)/(-14) + (-330)/(-70). Calculate g(b).
6
Let h(w) = 3*w - 16. Let r be h(8). Let b be (-102)/(-24) - 2/r. Let o(d) = 4 - 5 + 2 + 2*d**2 + b*d**2. Calculate o(1).
7
Let r(q) = 13*q**3 - 15*q**2 - 16*q - 17. Let n(z) = 11*z**3 - 14*z**2 - 15*z - 16. Let j(y) = 7*n(y) - 6*r(y). Give j(-7).
4
Let o = 3 - -2. Let r(g) be the first derivative of g**5/20 - 5*g**4/12 + g**3/3 - 3*g**2/2 - 3*g - 2. Let p(z) be the first derivative of r(z). Determine p(o).
7
Suppose -39*m - 21 = -32*m. Let w(y) = -y - 3. Determine w(m).
0
Let l(w) = 2*w - 13. Let p be l(8). Let g(n) be the second derivative of -2*n**2 - 3*n - 7/12*n**4 + 0 - 1/20*n**5 - n**p. Calculate g(-6).
-4
Let h(c) = -c**3 + 9*c**2 + 11*c - 8. Let p be h(10). Let f = 4 - p. Suppose w - 1 = 4*s + f, -9 = -3*s - 3*w. Let b(k) = k**3 - k**2 - k - 17. Give b(s).
-17
Let m(n) = -n**2 + 4*n + 5. Let y be ((-6)/9)/(5/(-15)). Suppose -4*z = -y*z + 2. Let i be z + -3 + 7 - -1. Determine m(i).
5
Let o(f) = -1. Let y(g) = g**2 - g - 5. Let w(v) = 3*o(v) - y(v). What is w(-5)?
-28
Let h = -14 - -21. Let o = -14 - -8. Let b = o + h. Let f(c) = -2*c**2 - c. Determine f(b).
-3
Let n(o) = o**2 - 3*o. Let w = -12 + 17. Calculate n(w).
10
Let f(g) = 5*g**2 + 21*g. Let x(a) = 11*a**2 + 45*a. Let n(m) = -9*f(m) + 4*x(m). What is n(-5)?
20
Let h(c) be the first derivative of -c**5/120 - c**4/24 + 5*c**3 - 16. Let j(z) be the third derivative of h(z). Calculate j(4).
-5
Let i(x) be the second derivative of x**4/12 - x**3/6 - x**2/2 + 87*x. Suppose -20 = o - 6*o. Suppose 0 = o*f + 4. Calculate i(f).
1
Let l = 57 + -63. Let z(p) = 7*p**2 - 5*p**3 + 3*p**2 - 10*p + 0*p**3. Let x(n) = -6*n**3 + 11*n**2 - 11*n + 1. Let i(f) = l*x(f) + 7*z(f). Calculate i(-4).
10
Let w be (0 + 2 + -2)/(7 - 9). Let f be 3 + ((-12)/4 - w - -2). Let t(v) = -v + 2. Give t(f).
0
Let k(u) be the third derivative of u**5/12 - u**4/12 - 109*u**2 - 2*u. Give k(2).
16
Let u(h) = h + 4. Let g be u(-4). Let y(z) = -1 - 2 + g*z + 3*z. Calculate y(2).
3
Let u(s) be the second derivative of -s**4/12 + s**3/6 - s**2 - 12*s. Calculate u(-4).
-22
Let d be 4*(-87)/(-108) - (-48)/(-216). Let y(f) = -4 + f - 2*f + 4*f. Determine y(d).
5
Suppose -3*y + 15 = 0, 0 = -5*f - 4*y - 0*y - 45. Let c = 8 + f. Let z(x) be the first derivative of x**3/3 + 3*x**2 + 3*x + 3. Give z(c).
-2
Let o(h) = 3*h + 28. Suppose -4*m + 53*n - 56*n = 57, -2*m + 2*n = 18. Determine o(m).
-8
Let l(u) be the third derivative of -u**8/20160 + u**7/840 - 7*u**6/720 + 3*u**5/20 - 6*u**2. Let p(k) be the third derivative of l(k). What is p(7)?
-14
Let o(f) = -f**2 + 19*f - 7. Let g be o(18). Suppose -1 = -10*z - g. Let b(w) = 14*w**3 - w**2 - w - 1. Give b(z).
-15
Let l(h) = h**3 - 6*h**2 + 6*h - 4. Let a be -3 + (26 + 3)*1. Suppose -a + 10 = -4*p. Let x(s) = s**3 - 4*s**2 + 5. Let q be x(p). Calculate l(q).
1
Suppose -3*t + 39 = 5*k, t + 2*t - 9 = 5*k. Let c(p) = t*p - 5*p**2 + 2*p**2 + 2 + 4*p**2. Let q be c(-8). Let s(f) = -f**2 + 3*f - 1. Determine s(q).
1
Let p(g) be the first derivative of -4*g**2 - 39 + 1/3*g**3 + 6*g. Give p(6).
-6
Let d(r) be the second derivative of r**5/20 - r**4/12 - r**3/6 + 37*r**2/2 - 52*r - 3. Give d(0).
37
Suppose 13 = 2*k + 5. Let d(x) = -2 + 7*x**2 + 5 - x**3 - 3*x + 0*x + 5*x**2 - 7*x**2. Calculate d(k).
7
Let p be (-4)/(-18) - 427/(-63). Let k = -4 + p. Let q(d) = 5*d - 4*d + k*d + 11*d**2 - 5*d. What is q(1)?
10
Let d(t) = -t**2 + 12*t + 17. Let x be d(12). Suppose 4*q + 0*q - 85 = 5*n, 5*q - x = 2*n. Let w = n + 15. Let l(i) = i**3 + 5*i**2 - 7*i - 9. Determine l(w).
-3
Let v(t) be the first derivative of -t**3/3 - 3*t**2 + t + 198. Let y be (-2)/4*128/(-4). Suppose -3*g = -2*m - y, 4*m + g + 6 = -12. What is v(m)?
6
Let a(m) = 4*m**2 + 10*m - 6. Let q(p) = -5*p**2 - 11*p + 6. Suppose -2*s + 2*x = 8, 11 + 17 = -5*s + x. Let d(i) = s*a(i) - 5*q(i). What is d(5)?
6
Let r(k) = k**2 + 18*k + 7. Let t be r(-18). Suppose 4*f - f = -9, 2*m - f - 15 = 0. Suppose m*a = t*a + 6. Let h(p) = -p**2 - 5*p - 6. Calculate h(a).
-12
Let z = 47 - 45. Let o(p) = -p**2 - 6*p - 3. Let u(l) = -4*l - 2. Let s(f) = -2*o(f) + 3*u(f). Determine s(z).
8
Let j(k) = -k**2 + 12*k + 16. Let i(o) = 2*o**2 + 18*o + 49. Let t be i(-3). Calculate j(t).
3
Let s = 18 - 25. Let c = 5 + s. Let a be 4/(-10)*c*-5. Let y(x) = x**3 + 4*x**2 - x + 4. Determine y(a).
8
Let q(p) = 1 - 7 + 5*p + 9 + 23. Determine q(-6).
-4
Let c(q) = q**3 - q**2 - 50. Let b = -723 + 723. Determine c(b).
-50
Let q(b) = 2*b**2 + 32*b + 47. Let t be q(-14). Let s = -6 - t. Let x(n) = 2*n**2 - n + 3. Calculate x(s).
18
Suppose -2*y - 5*j + 2 = 0, y + j = -4*j + 11. Let a(r) = -4*r - 32. Let t be a(y). Let z(s) = -2*s + 4. Give z(t).
-4
Let u be 4/((-4)/3) + 4. Let i(z) = -z**3 + z**2 - z - 1. Let p(x) = 5*x**3 + 6*x**2 + 12*x - 8. Let v(k) = u*p(k) + 4*i(k). Give v(-9).
-3
Let y = 46 + -103. Let h = 60 + y. Let a(m) be the third derivative of -m**6/120 + m**5/20 + m**4/8 + m**3/2 + 2*m**2. Give a(h).
12
Let s = 26 + -19. Let v(h) = 39*h - 41*h - 2 + 3 - s*h**2. Give v(1).
-8
Let s(c) = 750 - c**3 - 378 - 5*c**2 - 6*c - 377. Let i(d) = -2*d. Let m be i(2). What is s(m)?
3
Let g(i) = 13 + i**3 - 2*i + 14 - 32 - i. Give g(-2).
-7
Let r(v) be the second derivative of 0 + 1/2*v**3 + 1/12*v**4 + 2*v**2 - 9*v. Give r(-5).
14
Let u(j) be the first derivative of -j**2/2 - 2*j - 61. Give u(7).
-9
Let j = -2140 - -2142. Let g(f) = -5*f**2 + 2*f - 1. Determine g(j).
-17
Let y(b) = -2*b - 5. Suppose 0 = 3*s + p + 25, 0*p = 4*s - p + 38. Let d(m) = m**3 + 8*m**2 - 9*m - 7. Let u be d(s). Give y(u).
9
Let r(b) be the first derivative of -b**3/3 - 5*b**2/2 + 8*b + 68. What is r(-6)?
2
Let i(a) = -a - 5. Let w(x) = -x**3 - 2*x**2 - x - 2. Let k be w(-2). Suppose k*r + 4*r = -4*r. Calculate i(r).
-5
Let n(c) = 4*c + 23. Let h be (-26)/3 - 78/(-117). Determine n(h).
-9
Let i(n) = 1. Let l(b) = -b - 2. Let g(t) = 3*i(t) + 3*l(t). What is g(-2)?
3
Let k(d) be the third derivative of 0 - 1/30*d**5 + 1/120*d**6 + 0*d - 7*d**2 - 1/8*d**4 + 1/2*d**3. Determine k(3).
3
Let p(y) be the second derivative of y**5/20 - y**4/2 + 2*y**2 - 4*y. Suppose -3*i + 70 = 52. Give p(i).
4
Let r(w) = -21*w + 8. Let k(i) = -5*i + 3. Let b(g) = -5*k(g) + r(g). Determine b(3).
5
Let z(g) be the third derivative of g**4/12 - g**3/2 - 5*g**2. Let y be z(4). Let s(u) = -u - u + y*u + 7*u. What is s(1)?
10
Let d(l) be the second derivative of -l**4/12 + 5*l**3/6 + 3*l**2/2 - 10*l. Let v = -6 + 12. Determine d(v).
-3
Let l(v) = v**2 + 5*v + 2. Let r be (-56)/(-126) + ((-80)/18 - 1). Determine l(r).
2
Suppose 9*r + v = 4*r - 75, -3*v = 5*r + 75. Let c(m) = m**3 + 17*m**2 + 30*m + 5. Determine c(r).
5
Let z(d) = 8*d + 6. Suppose -102*o = -125*o + 69. Determine z(o).
30
Suppose -r = 4*r + 2*r. Suppose -v = 4*y + 4, -v - 3*y - 4 = -r. Let p(m) = -2*m + 1. What is p(v)?
9
Let i(z) = -6*z + 10. Suppose -6*q + 8*q = 0. Let k be i(q). Let t(h) = -h + 2. Determine t(k).
-8
Suppose 5*y = -r + 11, y = 4*r - 4 + 23. Let n(i) = 8*i**2 - 3*i + 4 - 1 - 4. Let s(z) = 17*z**2 - 7*z - 2. Let q(u) = y*s(u) - 7*n(u). Determine q(-1).
-4
Let r = 5 + -2. Let g(f) be the second derivative of 4*f + 0 + 0*f**2 - 5/6*f**r. Give g(-1).
5
Let d = 52 - 46. Suppose 2*f + 16 = d*f. Let w(n) = n**2 - 4*n - 1. What is w(f)?
-1
Suppose 8 - 32 = 4*v. Let s(d) = -12*d**2 - 7*d - 1. Let q = -83 + 96. Let m(g) = -25*g**2 - 15*g - 2. Let b(n) = q*s(n) + v*m(n). Give b(-1).
-6
Let o(v) = v**2 - 5*v + 3. Let x(k) = 1 + 0*k - 2*k + 0 + 1. Let y 